culate the remainder when 2184618 is divided by 83.
58
What is the remainder when 14646374 is divided by 458?
450
What is the remainder when 43266385 is divided by 11?
8
What is the remainder when 8398183 is divided by 15?
13
What is the remainder when 134057 is divided by 84?
77
Calculate the remainder when 310356 is divided by 860.
756
Calculate the remainder when 19716913 is divided by 365128.
1
Calculate the remainder when 1285794 is divided by 173.
58
Calculate the remainder when 102786255 is divided by 2082.
2079
Calculate the remainder when 4007250 is divided by 1420.
10
Calculate the remainder when 141638 is divided by 672.
518
Calculate the remainder when 369015 is divided by 92175.
315
Calculate the remainder when 8032833 is divided by 529.
497
Calculate the remainder when 866978 is divided by 116.
110
What is the remainder when 1260256 is divided by 45008?
32
Calculate the remainder when 417723 is divided by 1492.
1455
Calculate the remainder when 864195 is divided by 273.
150
What is the remainder when 407238 is divided by 370?
238
What is the remainder when 120471 is divided by 1311?
1170
What is the remainder when 42886430 is divided by 268?
266
What is the remainder when 164333543 is divided by 130?
23
What is the remainder when 40892 is divided by 6067?
4490
What is the remainder when 3803070 is divided by 647?
4
What is the remainder when 743994447 is divided by 947?
943
What is the remainder when 11288753 is divided by 1945?
1918
What is the remainder when 4599689 is divided by 148?
145
Calculate the remainder when 53368 is divided by 101.
40
What is the remainder when 9418733 is divided by 1299?
983
Calculate the remainder when 4633296 is divided by 7461.
15
Calculate the remainder when 472289 is divided by 333.
95
Calculate the remainder when 19635948 is divided by 283.
276
What is the remainder when 4620527 is divided by 46?
11
What is the remainder when 16566970 is divided by 5522200?
370
What is the remainder when 448724 is divided by 705?
344
Calculate the remainder when 10316157 is divided by 15.
12
Calculate the remainder when 137671 is divided by 662.
637
Calculate the remainder when 69922 is divided by 761.
671
What is the remainder when 1921087 is divided by 100?
87
Calculate the remainder when 161109417 is divided by 12.
9
Calculate the remainder when 15531239 is divided by 29.
28
What is the remainder when 73750706 is divided by 242?
238
What is the remainder when 599454 is divided by 472?
14
What is the remainder when 9705281 is divided by 11207?
19
Calculate the remainder when 4356697 is divided by 71.
66
What is the remainder when 1428993 is divided by 714414?
165
What is the remainder when 22434538 is divided by 4669?
4662
What is the remainder when 840846 is divided by 14496?
78
Calculate the remainder when 495955069 is divided by 32.
29
Calculate the remainder when 60171 is divided by 4267.
433
What is the remainder when 7404954 is divided by 3174?
12
Calculate the remainder when 35924532 is divided by 3671.
126
Calculate the remainder when 3263819 is divided by 18.
5
What is the remainder when 4238076 is divided by 27167?
24
Calculate the remainder when 29594 is divided by 1309.
796
Calculate the remainder when 106885007 is divided by 243.
242
What is the remainder when 5108190 is divided by 177?
147
Calculate the remainder when 20066 is divided by 480.
386
What is the remainder when 11115 is divided by 667?
443
Calculate the remainder when 14532801 is divided by 2823.
2820
Calculate the remainder when 3934793 is divided by 2149.
2123
What is the remainder when 19083527 is divided by 9541690?
147
Calculate the remainder when 5082075 is divided by 9.
0
What is the remainder when 25438352 is divided by 42468?
20
Calculate the remainder when 1532666 is divided by 51.
14
What is the remainder when 26690 is divided by 6656?
66
What is the remainder when 63946 is divided by 435?
1
Calculate the remainder when 4164537 is divided by 1723.
46
What is the remainder when 2201874 is divided by 2201812?
62
Calculate the remainder when 29090774 is divided by 5589.
29
What is the remainder when 16608059 is divided by 4410?
4409
What is the remainder when 1230993 is divided by 1230561?
432
Calculate the remainder when 690232 is divided by 172548.
40
Calculate the remainder when 1024684 is divided by 30959.
3037
What is the remainder when 34954 is divided by 2409?
1228
Calculate the remainder when 62737 is divided by 31313.
111
Calculate the remainder when 742750 is divided by 6814.
24
Calculate the remainder when 76268926 is divided by 372.
370
What is the remainder when 8829323 is divided by 1425?
23
Calculate the remainder when 840285 is divided by 1321.
129
What is the remainder when 8697347 is divided by 2672?
2659
What is the remainder when 136651142 is divided by 265342?
12
Calculate the remainder when 2311851 is divided by 57786.
411
Calculate the remainder when 8465983 is divided by 495.
493
What is the remainder when 103556 is divided by 7963?
37
What is the remainder when 7163 is divided by 149?
11
Calculate the remainder when 7300220 is divided by 57938.
32
What is the remainder when 1034868 is divided by 26316?
8544
What is the remainder when 267596 is divided by 5063?
4320
What is the remainder when 5422610 is divided by 2711233?
144
Calculate the remainder when 19649171 is divided by 3929814.
101
Calculate the remainder when 597589 is divided by 837.
808
What is the remainder when 4576 is divided by 878?
186
Calculate the remainder when 6847667 is divided by 228255.
17
What is the remainder when 51574 is divided by 1649?
455
What is the remainder when 20988134 is divided by 15?
14
What is the remainder when 5390885 is divided by 1752?
1733
Calculate the remainder when 275065 is divided by 45809.
211
Calculate the remainder when 749374 is divided by 449.
442
Calculate the remainder when 2988050 is divided by 18910.
270
Calculate the remainder when 2337096 is divided by 2168.
2160
What is the remainder when 10354286 is divided by 599?
571
Calculate the remainder when 66196510 is divided by 5187.
16
What is the remainder when 34686572 is divided by 13?
11
What is the remainder when 17850 is divided by 9221?
8629
What is the remainder when 561396 is divided by 561330?
66
Calculate the remainder when 44039 is divided by 8645.
814
Calculate the remainder when 2247921 is divided by 2095.
2081
Calculate the remainder when 7608 is divided by 901.
400
Calculate the remainder when 4627503 is divided by 2313677.
149
What is the remainder when 7692092 is divided by 32?
28
Calculate the remainder when 195796 is divided by 3995.
41
Calculate the remainder when 112205 is divided by 458.
453
Calculate the remainder when 1381168 is divided by 1278.
928
Calculate the remainder when 2764724 is divided by 774.
770
Calculate the remainder when 164023 is divided by 2563.
2554
What is the remainder when 124553826 is divided by 1564?
1558
Calculate the remainder when 1037063 is divided by 443.
0
What is the remainder when 1549501 is divided by 84?
37
Calculate the remainder when 678639 is divided by 4142.
3493
What is the remainder when 4572375 is divided by 26739?
6
Calculate the remainder when 24054 is divided by 4213.
2989
Calculate the remainder when 678609 is divided by 678587.
22
Calculate the remainder when 966601 is divided by 2564.
2537
Calculate the remainder when 908294 is divided by 107.
78
Calculate the remainder when 81416 is divided by 532.
20
What is the remainder when 124391 is divided by 6909?
29
What is the remainder when 2598471 is divided by 791?
36
Calculate the remainder when 1139695 is divided by 165.
40
Calculate the remainder when 322794565 is divided by 7710.
7705
What is the remainder when 360641 is divided by 3220?
1
Calculate the remainder when 268960 is divided by 630.
580
Calculate the remainder when 1606462 is divided by 267726.
106
What is the remainder when 284719 is divided by 142292?
135
What is the remainder when 46430 is divided by 2734?
2686
Calculate the remainder when 172772 is divided by 84904.
2964
Calculate the remainder when 25687582 is divided by 13126.
0
What is the remainder when 3241552 is divided by 58933?
237
What is the remainder when 163638649 is divided by 92?
89
Calculate 